en 5086 is divided by 45.
1
What is the remainder when 56153 is divided by 567?
20
What is the remainder when 3682 is divided by 3675?
7
Calculate the remainder when 50393 is divided by 157.
153
Calculate the remainder when 39645 is divided by 122.
117
Calculate the remainder when 9098 is divided by 1146.
1076
Calculate the remainder when 288843 is divided by 543.
510
What is the remainder when 15228 is divided by 22?
4
Calculate the remainder when 2895361 is divided by 11.
7
What is the remainder when 57127 is divided by 9?
4
Calculate the remainder when 35489 is divided by 11823.
20
Calculate the remainder when 184792 is divided by 3422.
4
What is the remainder when 44470 is divided by 855?
10
What is the remainder when 128755 is divided by 40?
35
Calculate the remainder when 11241 is divided by 591.
12
Calculate the remainder when 2026099 is divided by 21.
19
What is the remainder when 22857 is divided by 5681?
133
Calculate the remainder when 260221 is divided by 86738.
7
What is the remainder when 18302 is divided by 120?
62
What is the remainder when 1653 is divided by 539?
36
Calculate the remainder when 562 is divided by 480.
82
What is the remainder when 1759634 is divided by 45?
44
Calculate the remainder when 409 is divided by 154.
101
Calculate the remainder when 47734 is divided by 620.
614
What is the remainder when 129684 is divided by 30?
24
What is the remainder when 686605 is divided by 228864?
13
Calculate the remainder when 32158 is divided by 24.
22
What is the remainder when 3621 is divided by 587?
99
Calculate the remainder when 14770 is divided by 75.
70
What is the remainder when 44071 is divided by 42?
13
What is the remainder when 576 is divided by 19?
6
What is the remainder when 756 is divided by 378?
0
Calculate the remainder when 1158542 is divided by 76.
74
What is the remainder when 3057 is divided by 63?
33
Calculate the remainder when 55453 is divided by 54.
49
Calculate the remainder when 2950 is divided by 128.
6
What is the remainder when 12244 is divided by 193?
85
What is the remainder when 56594 is divided by 55?
54
What is the remainder when 1561724 is divided by 581?
577
What is the remainder when 18087 is divided by 266?
265
Calculate the remainder when 71726 is divided by 227.
221
What is the remainder when 24542 is divided by 116?
66
What is the remainder when 6623 is divided by 3302?
19
What is the remainder when 2402 is divided by 573?
110
What is the remainder when 13103 is divided by 140?
83
Calculate the remainder when 82655 is divided by 656.
655
Calculate the remainder when 21239 is divided by 1197.
890
Calculate the remainder when 66603 is divided by 210.
33
What is the remainder when 47938 is divided by 5?
3
Calculate the remainder when 15500 is divided by 32.
12
Calculate the remainder when 18976 is divided by 322.
300
Calculate the remainder when 9781 is divided by 9772.
9
Calculate the remainder when 52247 is divided by 13028.
135
What is the remainder when 39283 is divided by 40?
3
Calculate the remainder when 8877 is divided by 21.
15
Calculate the remainder when 3398429 is divided by 42.
41
What is the remainder when 27989 is divided by 6995?
9
What is the remainder when 1468 is divided by 362?
20
What is the remainder when 1087 is divided by 586?
501
Calculate the remainder when 1026224 is divided by 15.
14
Calculate the remainder when 19956 is divided by 124.
116
Calculate the remainder when 97934 is divided by 14.
4
Calculate the remainder when 33935 is divided by 3023.
682
Calculate the remainder when 3114 is divided by 805.
699
What is the remainder when 15319 is divided by 661?
116
Calculate the remainder when 21789 is divided by 3600.
189
Calculate the remainder when 6264 is divided by 55.
49
Calculate the remainder when 21 is divided by 9.
3
Calculate the remainder when 1007 is divided by 224.
111
What is the remainder when 20089 is divided by 72?
1
What is the remainder when 53992 is divided by 3?
1
Calculate the remainder when 105 is divided by 62.
43
Calculate the remainder when 620932 is divided by 206972.
16
What is the remainder when 1885 is divided by 628?
1
Calculate the remainder when 52522 is divided by 17472.
106
Calculate the remainder when 78602 is divided by 33.
29
Calculate the remainder when 22698 is divided by 7551.
45
Calculate the remainder when 6623 is divided by 53.
51
Calculate the remainder when 598704 is divided by 34.
32
What is the remainder when 2177 is divided by 23?
15
What is the remainder when 4080 is divided by 228?
204
What is the remainder when 97777 is divided by 19555?
2
What is the remainder when 3187 is divided by 176?
19
Calculate the remainder when 5214 is divided by 35.
34
Calculate the remainder when 1357873 is divided by 355.
353
Calculate the remainder when 23578 is divided by 89.
82
What is the remainder when 329487 is divided by 65896?
7
Calculate the remainder when 89754 is divided by 140.
14
What is the remainder when 5248 is divided by 134?
22
Calculate the remainder when 102664 is divided by 62.
54
Calculate the remainder when 13167 is divided by 165.
132
Calculate the remainder when 244069 is divided by 24.
13
Calculate the remainder when 16286 is divided by 16169.
117
What is the remainder when 514861 is divided by 483?
466
What is the remainder when 223999 is divided by 70?
69
Calculate the remainder when 62067 is divided by 6896.
3
What is the remainder when 46095 is divided by 518?
511
What is the remainder when 9132 is divided by 192?
108
What is the remainder when 4186 is divided by 834?
16
What is the remainder when 557443 is divided by 7?
5
What is the remainder when 645 is divided by 39?
21
What is the remainder when 21250 is divided by 4240?
50
What is the remainder when 8403 is divided by 1642?
193
What is the remainder when 6051 is divided by 1501?
47
What is the remainder when 8805 is divided by 232?
221
What is the remainder when 31845 is divided by 98?
93
Calculate the remainder when 763934 is divided by 9.
5
What is the remainder when 11156726 is divided by 22?
20
What is the remainder when 19615 is divided by 6522?
49
Calculate the remainder when 975932 is divided by 544.
540
Calculate the remainder when 354949 is divided by 104.
101
What is the remainder when 25080 is divided by 836?
0
Calculate the remainder when 500 is divided by 8.
4
What is the remainder when 10433 is divided by 3477?
2
Calculate the remainder when 5611 is divided by 45.
31
Calculate the remainder when 128264 is divided by 89.
15
Calculate the remainder when 26281 is divided by 124.
117
Calculate the remainder when 1499 is divided by 6.
5
Calculate the remainder when 24298 is divided by 3036.
10
Calculate the remainder when 16245 is divided by 56.
5
Calculate the remainder when 4284 is divided by 42.
0
What is the remainder when 1977299 is divided by 234?
233
Calculate the remainder when 527048 is divided by 157.
156
Calculate the remainder when 31810 is divided by 6.
4
What is the remainder when 5722 is divided by 90?
52
What is the remainder when 121480 is divided by 121?
117
What is the remainder when 39163 is divided by 19566?
31
Calculate the remainder when 58658 is divided by 1198.
1154
What is the remainder when 293551 is divided by 117?
115
What is the remainder when 2637 is divided by 2625?
12
Calculate the remainder when 4348 is divided by 543.
4
What is the remainder when 5367 is divided by 447?
3
What is the remainder when 288 is divided by 1?
0
What is the remainder when 37661 is divided by 22?
19
Calculate the remainder when 76582 is divided by 25501.
79
What is the remainder when 18280 is divided by 9138?
4
What is the remainder when 72006 is divided by 5?
1
Calculate the remainder when 112076 is divided by 443.
440
What is the remainder when 140035 is divided by 28006?
5
Calculate the remainder when 18468 is divided by 52.
8
Calculate the remainder when 29536 is divided by 14763.
10
What is the remainder when 1110 is divided by 5?
0
Calculate the remainder when 2314 is divided by 179.
166
Calculate the remainder when 45928 is divided by 183.
178
What is the remainder when 1791395 is divided by 1690?
1685
Calculate the remainder when 26877 is divided by 187.
136
What is the remainder when 211432 is divided by 49?
46
C